{"id":146,"date":"2015-10-21T11:00:15","date_gmt":"2015-10-21T09:00:15","guid":{"rendered":"http:\/\/usedom-forum.de\/wordpress\/?page_id=146"},"modified":"2015-10-26T22:24:11","modified_gmt":"2015-10-26T20:24:11","slug":"wissenswertes","status":"publish","type":"page","link":"https:\/\/usedom-forum.de\/wordpress\/wissenswertes\/","title":{"rendered":"Wissenswertes"},"content":{"rendered":"<p style=\"text-align: center;\"><span style=\"text-decoration: underline;\"><strong>\u00fcber die Insel Usedom<\/strong><\/span><\/p>\n<p>Insel zwischen wunderbarer Einsamkeit und dem Leben pur. Insel mit Geschichte und Gegenwart.<\/p>\n<blockquote>\n<p style=\"text-align: right;\"><span style=\"color: #000000;\">Wenn in stiller Stunde Tr\u00e4ume mich umwehn,<\/span><br \/>\n<span style=\"color: #000000;\"> bringen frohe Kunde Geister ungesehn,<\/span><br \/>\n<span style=\"color: #000000;\"> reden von dem Lande meiner Heimat mir,<\/span><br \/>\n<span style=\"color: #000000;\"> hellem Meeresstrande, d\u00fcsterm Waldrevier&#8230;<\/span><br \/>\n<span style=\"color: #000000;\"> <em>(Pommernlied)<\/em><\/span><\/p>\n<\/blockquote>\n<p><img data-recalc-dims=\"1\" loading=\"lazy\" decoding=\"async\" class=\"aligncenter wp-image-102 size-full\" src=\"https:\/\/i0.wp.com\/usedom-forum.de\/wordpress\/wp-content\/uploads\/2015\/04\/boot1.jpg?resize=230%2C107\" alt=\"boot\" width=\"230\" height=\"107\" srcset=\"https:\/\/i0.wp.com\/usedom-forum.de\/wordpress\/wp-content\/uploads\/2015\/04\/boot1.jpg?w=230&amp;ssl=1 230w, https:\/\/i0.wp.com\/usedom-forum.de\/wordpress\/wp-content\/uploads\/2015\/04\/boot1.jpg?resize=150%2C70&amp;ssl=1 150w\" sizes=\"auto, (max-width: 230px) 100vw, 230px\" \/><\/p>\n<ul>\n<ul>\n<li><span style=\"text-decoration: underline;\"><span style=\"text-decoration: underline;\"><strong><a href=\"http:\/\/usedom-forum.de\/wordpress\/wo-liegt-diese-insel\/\">Lage<\/a><br \/>\n<\/strong><\/span><\/span><\/li>\n<li><span style=\"text-decoration: underline;\"><span style=\"text-decoration: underline;\"><strong><a href=\"http:\/\/usedom-forum.de\/wordpress\/usedoms-geschichte\/\">Geschichte<\/a><br \/>\n<\/strong><\/span><\/span><\/li>\n<li><span style=\"text-decoration: underline;\"><span style=\"text-decoration: underline;\"><strong><a href=\"http:\/\/usedom-forum.de\/wordpress\/buecher-ueber-usedom\/\">B\u00fccher<\/a><\/strong><\/span><\/span><\/li>\n<\/ul>\n<\/ul>\n<p style=\"text-align: justify;\">Und eine \u00dcbersicht \u00fcber die aktuellen Veranstaltungen auf der Insel Usedom finden Sie hier in der <a href=\"http:\/\/meine.mvtermine.de\/cgi-bin\/index.pl?config=03951\" target=\"_blank\">Veranstaltungsdatenbank Mecklenburg-Vorpommern<\/a><\/p>\n<p>Hinweis:<br \/>\nDie Veranstaltungsdatenbank <a href=\"http:\/\/www.mvtermine.de\/\" target=\"_blank\">www.mvtermine.de<\/a> bietet auch Veranstaltern M\u00f6glichkeiten der Zusatzvermarktung und Eigenpflege.<\/p>\n","protected":false},"excerpt":{"rendered":"<p>\u00fcber die Insel Usedom Insel zwischen wunderbarer Einsamkeit und dem Leben pur. Insel mit Geschichte und Gegenwart. Wenn in stiller Stunde Tr\u00e4ume mich umwehn, bringen frohe Kunde Geister ungesehn, reden von dem Lande meiner Heimat mir, hellem Meeresstrande, d\u00fcsterm Waldrevier&#8230; (Pommernlied) Lage Geschichte B\u00fccher Und eine \u00dcbersicht \u00fcber die aktuellen Veranstaltungen auf der Insel Usedom finden Sie hier in der Veranstaltungsdatenbank Mecklenburg-Vorpommern Hinweis: Die Veranstaltungsdatenbank www.mvtermine.de bietet auch Veranstaltern M\u00f6glichkeiten der Zusatzvermarktung und Eigenpflege.<\/p>\n","protected":false},"author":2,"featured_media":0,"parent":0,"menu_order":0,"comment_status":"closed","ping_status":"closed","template":"","meta":{"jetpack_post_was_ever_published":false,"footnotes":""},"class_list":["post-146","page","type-page","status-publish","hentry"],"jetpack_sharing_enabled":false,"jetpack_shortlink":"https:\/\/wp.me\/P6zWqP-2m","_links":{"self":[{"href":"https:\/\/usedom-forum.de\/wordpress\/wp-json\/wp\/v2\/pages\/146","targetHints":{"allow":["GET"]}}],"collection":[{"href":"https:\/\/usedom-forum.de\/wordpress\/wp-json\/wp\/v2\/pages"}],"about":[{"href":"https:\/\/usedom-forum.de\/wordpress\/wp-json\/wp\/v2\/types\/page"}],"author":[{"embeddable":true,"href":"https:\/\/usedom-forum.de\/wordpress\/wp-json\/wp\/v2\/users\/2"}],"replies":[{"embeddable":true,"href":"https:\/\/usedom-forum.de\/wordpress\/wp-json\/wp\/v2\/comments?post=146"}],"version-history":[{"count":5,"href":"https:\/\/usedom-forum.de\/wordpress\/wp-json\/wp\/v2\/pages\/146\/revisions"}],"predecessor-version":[{"id":969,"href":"https:\/\/usedom-forum.de\/wordpress\/wp-json\/wp\/v2\/pages\/146\/revisions\/969"}],"wp:attachment":[{"href":"https:\/\/usedom-forum.de\/wordpress\/wp-json\/wp\/v2\/media?parent=146"}],"curies":[{"name":"wp","href":"https:\/\/api.w.org\/{rel}","templated":true}]}}

<p style="text-align: center;"><span style="text-decoration: underline;"><strong>über die Insel Usedom</strong></span></p>
<p>Insel zwischen wunderbarer Einsamkeit und dem Leben pur. Insel mit Geschichte und Gegenwart.</p>
<blockquote>
<p style="text-align: right;"><span style="color: #000000;">Wenn in stiller Stunde Träume mich umwehn,</span><br />
<span style="color: #000000;"> bringen frohe Kunde Geister ungesehn,</span><br />
<span style="color: #000000;"> reden von dem Lande meiner Heimat mir,</span><br />
<span style="color: #000000;"> hellem Meeresstrande, düsterm Waldrevier&#8230;</span><br />
<span style="color: #000000;"> <em>(Pommernlied)</em></span></p>
</blockquote>
<p><img data-recalc-dims="1" loading="lazy" decoding="async" class="aligncenter wp-image-102 size-full" src="https://i0.wp.com/usedom-forum.de/wordpress/wp-content/uploads/2015/04/boot1.jpg?resize=230%2C107" alt="boot" width="230" height="107" srcset="https://i0.wp.com/usedom-forum.de/wordpress/wp-content/uploads/2015/04/boot1.jpg?w=230&amp;ssl=1 230w, https://i0.wp.com/usedom-forum.de/wordpress/wp-content/uploads/2015/04/boot1.jpg?resize=150%2C70&amp;ssl=1 150w" sizes="auto, (max-width: 230px) 100vw, 230px" /></p>
<ul>
<ul>
<li><span style="text-decoration: underline;"><span style="text-decoration: underline;"><strong><a href="http://usedom-forum.de/wordpress/wo-liegt-diese-insel/">Lage</a><br />
</strong></span></span></li>
<li><span style="text-decoration: underline;"><span style="text-decoration: underline;"><strong><a href="http://usedom-forum.de/wordpress/usedoms-geschichte/">Geschichte</a><br />
</strong></span></span></li>
<li><span style="text-decoration: underline;"><span style="text-decoration: underline;"><strong><a href="http://usedom-forum.de/wordpress/buecher-ueber-usedom/">Bücher</a></strong></span></span></li>
</ul>
</ul>
<p style="text-align: justify;">Und eine Übersicht über die aktuellen Veranstaltungen auf der Insel Usedom finden Sie hier in der <a href="http://meine.mvtermine.de/cgi-bin/index.pl?config=03951" target="_blank">Veranstaltungsdatenbank Mecklenburg-Vorpommern</a></p>
<p>Hinweis:<br />
Die Veranstaltungsdatenbank <a href="http://www.mvtermine.de/" target="_blank">www.mvtermine.de</a> bietet auch Veranstaltern Möglichkeiten der Zusatzvermarktung und Eigenpflege.</p>

<p>über die Insel Usedom Insel zwischen wunderbarer Einsamkeit und dem Leben pur. Insel mit Geschichte und Gegenwart. Wenn in stiller Stunde Träume mich umwehn, bringen frohe Kunde Geister ungesehn, reden von dem Lande meiner Heimat mir, hellem Meeresstrande, düsterm Waldrevier&#8230; (Pommernlied) Lage Geschichte Bücher Und eine Übersicht über die aktuellen Veranstaltungen auf der Insel Usedom finden Sie hier in der Veranstaltungsdatenbank Mecklenburg-Vorpommern Hinweis: Die Veranstaltungsdatenbank www.mvtermine.de bietet auch Veranstaltern Möglichkeiten der Zusatzvermarktung und Eigenpflege.</p>
