{"id":162,"date":"2015-10-21T11:00:00","date_gmt":"2015-10-21T09:00:00","guid":{"rendered":"http:\/\/usedom-forum.de\/wordpress\/?page_id=162"},"modified":"2015-10-21T11:37:09","modified_gmt":"2015-10-21T09:37:09","slug":"wo-liegt-diese-insel","status":"publish","type":"page","link":"https:\/\/usedom-forum.de\/wordpress\/wo-liegt-diese-insel\/","title":{"rendered":"Wo liegt diese Insel &#8230;"},"content":{"rendered":"<p style=\"text-align: justify;\">Willkommen auf Deutschlands sch\u00f6nster Insel!<\/p>\n<p style=\"text-align: justify;\">Usedom ist als zweitgr\u00f6\u00dfte Insel auch der nord\u00f6stlichste Punkt Deutschlands. Sie wird durch die Peene und das kleine Haff vom Festland getrennt.<\/p>\n<p style=\"text-align: justify;\">Bekannt wurde sie durch ihre einzigartige Landschaft mit dem \u00fcber 40 km langen wei\u00dfen Sandstrand, den D\u00fcnen und der Steilk\u00fcste, aber auch durch ihre zahlreichen kleinen idyllisch gelegenen Seen im Hinterland.<\/p>\n<p style=\"text-align: justify;\">Diese Insel ist immer eine Reise wert.<br \/>\nOb im Sommer &#8211; um den Strand und das Meer zu genie\u00dfen.<br \/>\nOder im Fr\u00fchjahr &#8211; um die Insel mit dem Rad zu erkunden.<br \/>\nOder im Herbst &#8211; um die ersten St\u00fcrme zu erleben.<br \/>\nOder im Winter &#8211; um die Ruhe auf diesem Eiland zu sp\u00fcren.<\/p>\n<p style=\"text-align: justify;\"><img data-recalc-dims=\"1\" loading=\"lazy\" decoding=\"async\" src=\"https:\/\/i0.wp.com\/www.usedom-forum.de\/images\/deutschland.jpg?resize=330%2C348\" alt=\"\" width=\"330\" height=\"348\" border=\"0\" \/><\/p>\n","protected":false},"excerpt":{"rendered":"<p>Willkommen auf Deutschlands sch\u00f6nster Insel! Usedom ist als zweitgr\u00f6\u00dfte Insel auch der nord\u00f6stlichste Punkt Deutschlands. Sie wird durch die Peene und das kleine Haff vom Festland getrennt. Bekannt wurde sie durch ihre einzigartige Landschaft mit dem \u00fcber 40 km langen wei\u00dfen Sandstrand, den D\u00fcnen und der Steilk\u00fcste, aber auch durch ihre zahlreichen kleinen idyllisch gelegenen Seen im Hinterland. Diese Insel ist immer eine Reise wert. Ob im Sommer &#8211; um den Strand und das Meer zu genie\u00dfen. Oder im Fr\u00fchjahr &#8211; um die Insel mit dem Rad zu erkunden. Oder im Herbst &#8211; um die ersten St\u00fcrme zu erleben. Oder im Winter &#8211; um die Ruhe auf diesem Eiland zu sp\u00fcren.<\/p>\n","protected":false},"author":2,"featured_media":0,"parent":0,"menu_order":0,"comment_status":"closed","ping_status":"closed","template":"","meta":{"jetpack_post_was_ever_published":false,"footnotes":""},"class_list":["post-162","page","type-page","status-publish","hentry"],"jetpack_sharing_enabled":false,"jetpack_shortlink":"https:\/\/wp.me\/P6zWqP-2C","_links":{"self":[{"href":"https:\/\/usedom-forum.de\/wordpress\/wp-json\/wp\/v2\/pages\/162","targetHints":{"allow":["GET"]}}],"collection":[{"href":"https:\/\/usedom-forum.de\/wordpress\/wp-json\/wp\/v2\/pages"}],"about":[{"href":"https:\/\/usedom-forum.de\/wordpress\/wp-json\/wp\/v2\/types\/page"}],"author":[{"embeddable":true,"href":"https:\/\/usedom-forum.de\/wordpress\/wp-json\/wp\/v2\/users\/2"}],"replies":[{"embeddable":true,"href":"https:\/\/usedom-forum.de\/wordpress\/wp-json\/wp\/v2\/comments?post=162"}],"version-history":[{"count":2,"href":"https:\/\/usedom-forum.de\/wordpress\/wp-json\/wp\/v2\/pages\/162\/revisions"}],"predecessor-version":[{"id":302,"href":"https:\/\/usedom-forum.de\/wordpress\/wp-json\/wp\/v2\/pages\/162\/revisions\/302"}],"wp:attachment":[{"href":"https:\/\/usedom-forum.de\/wordpress\/wp-json\/wp\/v2\/media?parent=162"}],"curies":[{"name":"wp","href":"https:\/\/api.w.org\/{rel}","templated":true}]}}

<p style="text-align: justify;">Willkommen auf Deutschlands schönster Insel!</p>
<p style="text-align: justify;">Usedom ist als zweitgrößte Insel auch der nordöstlichste Punkt Deutschlands. Sie wird durch die Peene und das kleine Haff vom Festland getrennt.</p>
<p style="text-align: justify;">Bekannt wurde sie durch ihre einzigartige Landschaft mit dem über 40 km langen weißen Sandstrand, den Dünen und der Steilküste, aber auch durch ihre zahlreichen kleinen idyllisch gelegenen Seen im Hinterland.</p>
<p style="text-align: justify;">Diese Insel ist immer eine Reise wert.<br />
Ob im Sommer &#8211; um den Strand und das Meer zu genießen.<br />
Oder im Frühjahr &#8211; um die Insel mit dem Rad zu erkunden.<br />
Oder im Herbst &#8211; um die ersten Stürme zu erleben.<br />
Oder im Winter &#8211; um die Ruhe auf diesem Eiland zu spüren.</p>
<p style="text-align: justify;"><img data-recalc-dims="1" loading="lazy" decoding="async" src="https://i0.wp.com/www.usedom-forum.de/images/deutschland.jpg?resize=330%2C348" alt="" width="330" height="348" border="0" /></p>

<p>Willkommen auf Deutschlands schönster Insel! Usedom ist als zweitgrößte Insel auch der nordöstlichste Punkt Deutschlands. Sie wird durch die Peene und das kleine Haff vom Festland getrennt. Bekannt wurde sie durch ihre einzigartige Landschaft mit dem über 40 km langen weißen Sandstrand, den Dünen und der Steilküste, aber auch durch ihre zahlreichen kleinen idyllisch gelegenen Seen im Hinterland. Diese Insel ist immer eine Reise wert. Ob im Sommer &#8211; um den Strand und das Meer zu genießen. Oder im Frühjahr &#8211; um die Insel mit dem Rad zu erkunden. Oder im Herbst &#8211; um die ersten Stürme zu erleben. Oder im Winter &#8211; um die Ruhe auf diesem Eiland zu spüren.</p>
